 prime factors of 447960518?
2, 2687, 83357
What are the prime factors of 1126639211?
163, 6911897
What are the prime factors of 5214079921?
19, 23, 41, 291013
What are the prime factors of 126397271?
7, 11, 13, 126271
What are the prime factors of 985926031?
877, 1124203
List the prime factors of 747088394.
2, 13, 28734169
List the prime factors of 21977161.
73, 301057
List the prime factors of 85450699.
547, 156217
List the prime factors of 140262129.
3, 7, 2226383
List the prime factors of 4622032723.
7, 11, 251, 379, 631
List the prime factors of 555303317.
17, 32664901
What are the prime factors of 335718339?
3, 11, 1867, 5449
What are the prime factors of 57286711?
211, 271501
List the prime factors of 33337670.
2, 5, 3333767
List the prime factors of 54414212.
2, 17, 800209
List the prime factors of 1981131713.
11, 5591, 32213
List the prime factors of 182845351.
13, 673, 20899
What are the prime factors of 129606709?
129606709
What are the prime factors of 10961868?
2, 3, 197, 4637
What are the prime factors of 74562345?
3, 5, 11, 13, 11587
What are the prime factors of 1119590764?
2, 71, 1627, 2423
What are the prime factors of 30175385?
5, 41, 147197
What are the prime factors of 53634232?
2, 41, 101, 1619
List the prime factors of 21107699.
21107699
List the prime factors of 31882039.
7, 4554577
List the prime factors of 317720324.
2, 79430081
List the prime factors of 53553771.
3, 31, 109, 587
What are the prime factors of 110834407?
17, 6519671
List the prime factors of 59766463.
827, 72269
What are the prime factors of 260208790?
2, 5, 37, 703267
What are the prime factors of 1686883499?
7, 240983357
List the prime factors of 218964395.
5, 13, 41, 82163
What are the prime factors of 3821986726?
2, 67, 28522289
What are the prime factors of 388581020?
2, 5, 2861, 6791
List the prime factors of 31754916.
2, 3, 98009
What are the prime factors of 3401834?
2, 1700917
What are the prime factors of 275279650?
2, 5, 5505593
What are the prime factors of 120696867?
3, 151, 88813
List the prime factors of 670351304.
2, 7, 11970559
What are the prime factors of 3820609468?
2, 13, 73, 499, 2017
List the prime factors of 50459763.
3, 19, 53, 16703
List the prime factors of 67856870.
2, 5, 193, 35159
List the prime factors of 442499695.
5, 11, 1439, 5591
List the prime factors of 485249199.
3, 29, 5577577
What are the prime factors of 286056143?
286056143
What are the prime factors of 77626048?
2, 1212907
List the prime factors of 24592416.
2, 3, 113, 2267
What are the prime factors of 374861485?
5, 257, 291721
What are the prime factors of 1744915?
5, 163, 2141
What are the prime factors of 547309640?
2, 5, 13682741
What are the prime factors of 45995904?
2, 3, 13309
List the prime factors of 105861784.
2, 7, 1890389
List the prime factors of 66770902.
2, 11, 19, 159739
List the prime factors of 127957164.
2, 3, 17, 29, 43, 503
What are the prime factors of 396474754?
2, 13, 15249029
List the prime factors of 38457103.
29, 401, 3307
What are the prime factors of 575576769?
3, 17, 239, 47221
What are the prime factors of 5567287356?
2, 3, 19, 23, 179, 659
What are the prime factors of 179033458?
2, 71, 1260799
List the prime factors of 335005316.
2, 1787, 46867
What are the prime factors of 32906200?
2, 5, 164531
List the prime factors of 151414662.
2, 3, 7, 3605111
List the prime factors of 116450687.
337, 345551
What are the prime factors of 38091257?
19, 2004803
What are the prime factors of 1302832525?
5, 229, 227569
What are the prime factors of 605905322?
2, 11, 113, 22157
What are the prime factors of 164857708?
2, 97, 424891
What are the prime factors of 871997?
7, 43, 2897
List the prime factors of 175826926.
2, 11, 233, 34301
What are the prime factors of 69255191?
41, 61, 27691
List the prime factors of 47144193.
3, 15714731
What are the prime factors of 66933134?
2, 67, 457, 1093
What are the prime factors of 30295521?
3, 43, 78283
What are the prime factors of 1336205026?
2, 13, 251, 204751
List the prime factors of 42218745.
3, 5, 31, 90793
What are the prime factors of 1984548438?
2, 3, 1291, 3163
What are the prime factors of 1995686355?
3, 5, 13, 17, 46309
List the prime factors of 139568449.
149, 857, 1093
What are the prime factors of 4529487141?
3, 113, 1484591
What are the prime factors of 1731646339?
19, 2579, 35339
List the prime factors of 661836429.
3, 73537381
List the prime factors of 37229037.
3, 19, 163, 4007
List the prime factors of 1533923105.
5, 11, 13, 19, 112913
What are the prime factors of 67467972?
2, 3, 11, 13, 39317
What are the prime factors of 124465326?
2, 3, 139, 149239
List the prime factors of 695381965.
5, 59, 39953
What are the prime factors of 211036808?
2, 79, 131, 2549
List the prime factors of 59529834.
2, 3, 7, 13, 36343
What are the prime factors of 195165775?
5, 7, 159319
What are the prime factors of 2141440429?
19, 112707391
List the prime factors of 8008104696.
2, 3, 139, 2400511
What are the prime factors of 15817783?
139, 113797
What are the prime factors of 2118216580?
2, 5, 105910829
List the prime factors of 197920236.
2, 3, 16493353
List the prime factors of 139706615.
5, 31, 901333
What are the prime factors of 306678595?
5, 97, 632327
What are the prime factors of 899075721?
3, 299691907
What are the prime factors of 953275922?
2, 476637961
List the prime factors of 1949257613.
23, 79, 46643
List the prime factors of 400898177.
1223, 327799
List the prime factors of 1510778268.
2, 3, 41966063
List the prime factors of 1372538133.
3, 23, 47, 71, 1987
List the prime factors of 1809135269.
1809135269
List the prime factors of 624674666.
2, 7, 11, 19, 213491
What are the prime factors of 113802113?
67, 1698539
What are the prime factors of 463758841?
7, 13, 5096251
List the prime factors of 4546287.
3, 53, 353
List the prime factors of 88350890.
2, 5, 67, 163, 809
List the prime factors of 220295771.
23, 191, 50147
What are the prime factors of 14846881?
7, 71, 29873
What are the prime factors of 730499168?
2, 7, 3261157
List the prime factors of 1992853423.
11, 23, 113, 6337
What are the prime factors of 59449325?
5, 13, 182921
What are the prime factors of 75717254?
2, 37858627
What are the prime factors of 82149399?
3, 23, 229, 1733
What are the prime factors of 388739985?
3, 5, 89, 291191
List the prime factors of 7830081583.
19, 491, 839327
What are the prime factors of 515781733?
19, 29, 503, 1861
What are the prime factors of 418600320?
2, 3, 5, 218021
What are the prime factors of 4810593505?
5, 962118701
What are the prime factors of 108465784?
2, 7, 1936889
List the prime factors of 51167277.
3, 7, 812179
List the prime factors of 477018072.
2, 3, 853, 863
What are the prime factors of 999993107?
509, 1964623
List the prime factors of 3465759560.
2, 5, 97, 893237
What are the prime factors of 332051882?
2, 59, 431, 6529
What are the prime factors of 497937355?
5, 99587471
List the prime factors of 77339877.
3, 251, 271, 379
List the prime factors of 2156309149.
6173, 349313
List the prime factors of 346237780.
2, 5, 7, 2473127
List the prime factors of 49499251.
49499251
What are the prime factors of 68988?
2, 3, 5749
List the prime factors of 28073903.
11, 13, 137, 1433
List the prime factors of 48194886.
2, 3, 8032481
List the prime factors of 30472344.
2, 3, 7, 103, 587
What are the prime factors of 217292898?
2, 3, 53, 113, 6047
List the prime factors of 342594168.
2, 3, 7, 19, 29, 3701
What are the prime factors of 2787025539?
3, 59, 233, 67579
What are the prime factors of 1531807527?
3, 510602509
List the prime factors of 638056877.
53, 1861, 6469
List the prime factors of 41334658.
2, 263, 78583
List the prime factors of 77500731.
3, 7, 11, 23, 29, 503
What are the prime factors of 2038122274?
2, 1019061137
List the prime factors of 116329172.
2, 19, 1530647
What are the prime factors of 96109546?
2, 13, 433, 8537
What are the prime factors of 3732187307?
3732187307
What are the prime factors of 89745467?
7, 97, 132173
What are the prime factors of 229571847?
3, 8502661
What are the prime factors of 505043165?
5, 11, 31, 296213
List the prime factors of 153653326.
2, 76826663
List the prime factors of 3333140540.
2, 5, 397, 419791
List the prime factors of 36